 of r and 88?
8
Let n be -2*-3*6 + -4. Calculate the highest common divisor of 24 and n.
8
Suppose -2 = -2*x + 3*p, -5*x + 4*p - p + 14 = 0. Let w = 19 + -10. Suppose -w*g = -x*g - 35. What is the greatest common divisor of 28 and g?
7
Let p = 345 - 325. What is the highest common divisor of 2720 and p?
20
Let r be 53095/1480 + 2/16*1. What is the highest common factor of r and 882?
18
Let y be (-4*6/12)/((-4)/48). What is the greatest common factor of y and 64?
8
Let t(b) be the first derivative of -b**3/3 + 13*b**2 + 2*b - 13. Let u be t(13). What is the highest common factor of 19 and u?
19
Let d = 2521 + -2389. Calculate the greatest common factor of d and 168.
12
Suppose 17 = h - 5*n, -4*h + 8*n - 3*n = -23. Suppose 0 = h*o - 5*l - 64, 4*l = 5*o + 5*l - 160. Calculate the highest common divisor of o and 40.
8
Suppose -21*n + 584 = -1432. What is the greatest common divisor of n and 48?
48
Suppose 1566 = -39*x + 126*x. What is the highest common divisor of 288 and x?
18
Suppose -5*n + 2741 - 820 = m, 2*m = 3*n - 1150. Calculate the highest common factor of n and 12.
12
Let i be (-3*(-92)/(-24))/((-2)/8). Suppose -i*n + 490 = -39*n. What is the greatest common factor of n and 42?
14
Suppose 0 = -4*i + 4*p + 584, -i - 3*p + 7*p = -143. Suppose -4*t + t - 297 = 0. Let f = t + i. Calculate the greatest common factor of 12 and f.
12
Let l = 10 + 3. Let i(o) = 23*o**2 - l*o**2 + 3 - 2. Let u be i(-1). Calculate the highest common factor of u and 77.
11
Let i(u) = -u**3 - 11*u**2 - 2*u - 10. Let a be i(-11). Suppose 2*o = o + 5*p - 9, 0 = 4*o + p - 69. Calculate the highest common factor of o and a.
4
Let b be (-3)/(2/(-100)*1). Suppose 5*x - 4 = -3*p, -2*x - 22*p + 24*p = -8. Suppose c = -x*c + b. Calculate the greatest common divisor of c and 20.
10
Let f be 10/5*-30*(-3)/12. Let k = f + 4. Calculate the highest common divisor of 19 and k.
19
Let p(s) = s**3 - 9*s**2 + 9*s - 8. Let l be p(8). Suppose l = -3*x + 6*x - 42. What is the greatest common factor of x and 112?
14
Let p be (-230)/(-6) - 46/(-69). Let o(m) = -m + 18. Let u be o(0). Let k be u/(-5)*(-130)/p. What is the highest common divisor of 6 and k?
6
Suppose -5*z - 4*y + 2042 = 0, 15*y = 2*z + 12*y - 826. Calculate the highest common factor of 328 and z.
82
Let c be ((294/(-12))/7)/(2/(-4)). Suppose -9 = -3*f, -4*x + c*f + 7 = 4*f. Calculate the greatest common divisor of 28 and x.
4
Let v = -164 + 167. Calculate the greatest common divisor of v and 1.
1
Let w(k) = k**3 + 8*k**2 - 2*k - 7. Let y be w(-8). Let n = 12 + -8. Suppose -1 = 3*m - n. What is the highest common divisor of y and m?
1
Let h(r) = 5*r + 61. Let q be h(-10). Suppose -q*w - 84 = -25*w. What is the highest common divisor of 2 and w?
2
Let w = -495 + 977. Suppose w = 3*g - 2*n + 1560, -5*n = -3*g - 1066. Let s be 4/14 - g/7. What is the highest common divisor of s and 13?
13
Suppose 147 = -2*c - c. Let v = c - -84. Calculate the highest common factor of v and 175.
35
Let s be (-3)/((-68)/56 + 1). Let t = 56 + -35. Calculate the highest common factor of t and s.
7
Let h be (-7 - 3)*(-16)/20. What is the highest common divisor of 64 and h?
8
Let r(v) = -v + 6. Let h be r(0). Let k(j) = j - 14 - 1 + h. Let i be k(15). Calculate the greatest common factor of i and 30.
6
Let k(r) = -r**3 + 2*r**2 + 3*r - 1. Let i be k(2). Suppose -i*z = -0*z - 110. Let n = -625 + 801. What is the highest common divisor of n and z?
22
Let m be (2/(-3))/((-2)/51). Let l = -110 - -229. What is the greatest common factor of m and l?
17
Let h(i) = -i**2 + 11*i + 14. Let j be h(9). Suppose 210 = -27*b + j*b. What is the greatest common factor of b and 105?
21
Suppose -360 = 5*x - 17*x. Calculate the highest common divisor of 110 and x.
10
Let p = 15 - 9. Suppose p*f + 12 = 30. Suppose 3*x - 111 = -4*o - 2*x, -63 = -3*o + 3*x. What is the highest common factor of o and f?
3
Let i be 272/(-51)*60/(-2). What is the greatest common divisor of i and 20?
20
Let s be (-1184)/(-12) + 8/6. What is the greatest common factor of s and 650?
50
Let u be ((-2664)/21)/(-4) - (-14)/49. Suppose -3*q + 32 = q. What is the greatest common divisor of u and q?
8
Suppose -2*r = -3*u - 1008, 0 = r - 33*u + 38*u - 478. What is the highest common factor of 6 and r?
6
Let q(l) = -l**3 - 8*l**2 - 6*l + 9. Let h be q(-7). Suppose 0 = -m + t + 5, t - 9 - 7 = -h*m. Let w = 24 + -3. Calculate the greatest common factor of m and w.
7
Let n be (18/15)/(120/5100). What is the greatest common divisor of n and 170?
17
Let i = 1598 - 1255. What is the highest common factor of i and 441?
49
Suppose -678 = -3*k - 3*r, 201*k - 4*r + 214 = 202*k. Calculate the highest common factor of k and 322.
46
Let i be 6/(-9) + -4*685/(-60). Calculate the highest common divisor of i and 60.
15
Suppose 4*c - 18 + 2 = 0. Let l be 23 + c + -2 + -2. Let t(k) = 243*k - 3484. Let h be t(15). Calculate the greatest common divisor of l and h.
23
Let f = 166 + -144. Calculate the greatest common factor of 539 and f.
11
Suppose -21*j = 7*j - 10752. What is the highest common factor of j and 32?
32
Let q(j) = 21*j**2 - j. Let r be (-5)/(16 - 1) - (-8)/6. Let z be q(r). Suppose 3*c = -2*c + 40. What is the greatest common divisor of c and z?
4
Let a(i) = -46*i + 6. Let f be a(-6). Let c be (-1)/(-8) + f/48. Suppose 3*u - 24 = c. Calculate the greatest common divisor of 20 and u.
10
Let f be -4 + (2 - -1 - 2)*-1. Let z be (16 - 1) + 1 + f. What is the highest common factor of z and 11?
11
Suppose -276 + 297 = z. What is the highest common factor of z and 336?
21
Suppose 51 = 4*d + 5*n, 5*d + 0*n - 57 = -4*n. Let y(b) = -27*b - 9. Suppose -18 = 4*o - 2. Let w be y(o). Calculate the greatest common factor of d and w.
9
Let f(b) = -b**2 - 3*b - 2. Let p be f(-2). Let n = p + -1. Let y be n/(-2)*(-80)/(-8). What is the greatest common divisor of 45 and y?
5
Let w(j) = -j**3 - 8*j**2 - 22*j + 3. Let f be w(-6). Let i(q) = 7*q - 5. Let g be i(2). Calculate the greatest common divisor of f and g.
9
Suppose -5*n + 4*i - 16 = 0, -i + 20 = 4*i. Suppose -3*w + 2*b + 219 = b, -4*b - 12 = n. What is the highest common divisor of w and 180?
36
Let q = -403 + 407. What is the highest common divisor of 36 and q?
4
Let k = 27 + -22. Suppose 0 = n - 1 + k. Let b be -4 + (61 - n) - -2. What is the highest common divisor of b and 7?
7
Suppose 31*s = 28*s + 12. Suppose -104*v + s = -100*v. What is the greatest common divisor of 4 and v?
1
Suppose 4*o = 0, -2*o - 13 = -4*s - 9. What is the highest common divisor of s and 64?
1
Suppose 0 = -5*k + 203 + 357. Let c be k/(-6)*(-30)/8. Suppose 4*o + 15 = 4*u - 125, -2*u - 5*o + c = 0. Calculate the greatest common divisor of u and 7.
7
Let u be (-3)/(-5) - (-63)/(-5). Let q be (0 - 1)*u/3. Suppose 2 = 6*h - q. What is the highest common factor of h and 5?
1
Let j be (3/4)/((-6)/(-24)). Suppose -12 = -u - 3*u. Suppose u*z + 5*h - 50 = 0, 3*h = -j*z + 2*h + 58. Calculate the greatest common divisor of z and 4.
4
Suppose 0 = -0*h - 8*h + 288. Let l = 71 - h. Suppose 2*f + 27 = 97. Calculate the greatest common divisor of l and f.
35
Let u be 912/64 - 15/12. What is the greatest common factor of 2483 and u?
13
Let t be (100/6)/((-2)/(-6)). Suppose 3*f = 8*f + 460. Let g = -72 - f. What is the highest common factor of g and t?
10
Let f = -76 + 76. Suppose -2*r + 31 + 19 = f. What is the highest common divisor of 5 and r?
5
Let x = -1725 + 1989. Let y = 116 - 83. What is the highest common divisor of x and y?
33
Let o = 13 - 13. Suppose 7*c - 2*c - 100 = o. Let h = 81 - 51. What is the greatest common factor of c and h?
10
Let x(n) = 2*n**2 - 6*n - 212. Let h be x(15). What is the greatest common divisor of 1332 and h?
148
Let c be ((4 - -2)/(-1) - -25) + 3. What is the highest common divisor of c and 418?
22
Suppose 18*u - 1350 = 1422. Suppose 2*l - 6*l = -56. What is the highest common divisor of u and l?
14
Let f be (36/21)/((-1)/(-42)). Suppose f = -p + 5*p. Suppose 0*k = -q + 3*k + 3, 21 = 3*q + 3*k. Calculate the greatest common factor of p and q.
6
Suppose 5*y - 6*y + 3*j + 200 = 0, -2*y - 5*j = -345. What is the highest common factor of 5 and y?
5
Let o(k) = 5*k**2 - 258*k + 55. Let m be o(52). What is the greatest common divisor of 371 and m?
53
Let z(l) = -5*l**3 + l**2 + 3*